222201000
In base 15, what is -2585 - -713?
-1d72
In base 12, what is 7b - 5895?
-5816
In base 7, what is 16012 + 2150?
21162
In base 10, what is 7950326 + 0?
7950326
In base 11, what is -10 - -29936?
29926
In base 9, what is -1 + -17814062?
-17814063
In base 5, what is -33104 + -13043014?
-13131123
In base 9, what is -1231352 + -17?
-1231370
In base 6, what is 3 - -120443132?
120443135
In base 8, what is -26 - 27006?
-27034
In base 8, what is -53 + 4251426?
4251353
In base 4, what is -3203332 + -1322010?
-11132002
In base 4, what is 2010 - 130100122?
-130032112
In base 2, what is 11010 + -1110010111000111011000?
-1110010111000110111110
In base 12, what is 139920a98 - 0?
139920a98
In base 12, what is -180a3 - 763?
-18846
In base 5, what is 101444311132 - -4?
101444311141
In base 15, what is -565 + a72e?
a1b9
In base 15, what is 1952932 + -1e?
1952913
In base 15, what is 66 - -19d7d8?
19d84e
In base 5, what is 32 + -4344304221?
-4344304134
In base 4, what is -10 + 2132302201?
2132302131
In base 12, what is 40370 + 195?
40545
In base 3, what is 1111 - 20211201102?
-20211122221
In base 9, what is 64 - 780475?
-780411
In base 4, what is 1322 + 2212000220?
2212002202
In base 2, what is -10001011110000011101111 - 110000?
-10001011110000100011111
In base 2, what is 101111 - -11101100100101011?
11101100101011010
In base 6, what is -33311020441 - -4?
-33311020433
In base 15, what is 5c19 - 29?
5be0
In base 14, what is 0 + -3d60063?
-3d60063
In base 16, what is -2e19c0b - 4?
-2e19c0f
In base 5, what is -123213401 - -2223?
-123211123
In base 6, what is -525133 - -43451?
-441242
In base 11, what is -102684 + 460?
-102224
In base 6, what is -1020 - 5554301?
-5555321
In base 6, what is 4 + -15002554?
-15002550
In base 13, what is 3 + -c1a67?
-c1a64
In base 8, what is 7274 + -144553?
-135257
In base 12, what is -3 + -96238051?
-96238054
In base 12, what is -bb07 - 5432?
-15339
In base 12, what is -16b7 - -2a1?
-1416
In base 15, what is 2e + 924d?
927c
In base 16, what is 3681 + 2614?
5c95
In base 12, what is 220052826 + -3?
220052823
In base 6, what is 135002 + 321?
135323
In base 14, what is -d24 - d1d?
-1c43
In base 7, what is -3 - 6611251066?
-6611251102
In base 4, what is -20023232021 + 13300?
-20023212121
In base 12, what is -2b5 - -81424?
8112b
In base 15, what is -3104dc - -30?
-3104ac
In base 15, what is -36c9e04 + -1?
-36c9e05
In base 15, what is -2 - 122b50c4?
-122b50c6
In base 2, what is 100111110100001111011010 - -1?
100111110100001111011011
In base 4, what is 10321031300 + -200?
10321031100
In base 3, what is -201102 + -120200100?
-121101202
In base 12, what is -5 + 1593964?
159395b
In base 13, what is 4131321 + 2?
4131323
In base 14, what is 17d37 - -75?
17dac
In base 15, what is -2754b1 + 37?
-275479
In base 6, what is 311105 - 143453?
123212
In base 8, what is -7 + 5017214?
5017205
In base 8, what is -2 + -33110404?
-33110406
In base 12, what is -1b8 - -4984?
4788
In base 7, what is -6045 - -600?
-5145
In base 2, what is 1010110000011001011001011 + 11100?
1010110000011001011100111
In base 5, what is -3242111240 - -343?
-3242110342
In base 16, what is 3256e + 1c?
3258a
In base 2, what is 10001000 - 1011011001100000110?
-1011011001001111110
In base 6, what is 20 + 244350?
244410
In base 4, what is -2 - 101310203120?
-101310203122
In base 10, what is -386 - -146515?
146129
In base 11, what is -2183103 - 1?
-2183104
In base 4, what is 3030001022 - -13003?
3030020031
In base 5, what is -1200333000 + 2?
-1200332443
In base 15, what is -5b8 + -172?
-73a
In base 10, what is -10 + 7205331?
7205321
In base 9, what is -3 + -217112?
-217115
In base 12, what is 14 + -70654bb?
-70654a7
In base 11, what is -74a70 - -34?
-74a37
In base 10, what is 620 - -255784?
256404
In base 16, what is 5 + -1e6c6b?
-1e6c66
In base 8, what is -255 + -5030067?
-5030344
In base 2, what is 1101101111110111100100110011 + -10?
1101101111110111100100110001
In base 3, what is -2020001100 + -111?
-2020001211
In base 3, what is -101012012021 + 2221?
-101012002100
In base 13, what is 189483 + -ca?
189386
In base 12, what is -332245 + 0?
-332245
In base 5, what is 4244 + 12143220?
12203014
In base 16, what is 926 + 6b70?
7496
In base 5, what is 24024 + -1020?
23004
In base 15, what is -9d + -a624?
-a6c2
In base 8, what is -22534604 - -5?
-22534577
In base 3, what is 111111021100 + -112?
111111020211
In base 13, what is 5 - a40a09?
-a40a04
In base 12, what is -b608 + -3210?
-12818
In base 7, what is 15 - -1052100326?
1052100344
In base 12, what is b96a - 12ab?
a67b
In base 10, what is 41323 + -106?
41217
In base 7, what is 125415354 - -26?
125415413
In base 13, what is -7a - 44c95?
-45042
In base 6, what is -34121113 + 1?
-34121112
In base 4, what is 200 + -330213?
-330013
In base 3, what is -120110 - -100221100011?
100220202201
In base 2, what is -10 + 1001010110111001101000010010?
1001010110111001101000010000
In base 13, what is -1 - 2126a6c?
-2126a70
In base 9, what is 2387 + -74322?
-71824
In base 2, what is 11 + -11101000100001000001111?
-11101000100001000001100
In base 11, what is 12248356 + -2?
12248354
In base 2, what is 10101110011011011 - 111010101?
10101101100000110
In base 16, what is -11b17 + -16d8?
-131ef
In base 11, what is 1759 - 445?
1314
In base 9, what is 846 - -2512104?
2513051
In base 14, what is -4d2393 - -5?
-4d238c
In base 7, what is -1202142 + -164?
-1202336
In base 13, what is -7a545 + -21b?
-7a763
In base 15, what is -4d - 11399?
-113e7
In base 2, what is 11001100 + -110111011?
-11101111
In base 5, what is -40210 + 3123?
-32032
In base 8, what is 12217 + -115355?
-103136
In base 7, what is 42540 - 456260?
-413420
In base 16, what is -ee - -ed08?
ec1a
In base 6, what is -244500 - -20053?
-224403
In base 15, what is -1495 - -345b?
1eb6
In base 14, what is -877 - -156c?
ad5
In base 12, what is 18b + -359b4?
-35825
In base 15, what is -5badb54 - -4?
-5badb50
In base 10, what is 29 - 25681520?
-25681491
In base 14, what is -9913c + 7c?
-990a0
In base 16, what is -4 + -a42606f?
-a426073
In base 2, what is -111011111110000011101 - 1011?
-111011111110000101000
In base 2, what is -1010 - -111000111010010111?
111000111010001101
In base 7, what is -53460 - 3460?
-60250
In base 13, what is -443 - 1055a1?
-105a14
In base 6, what is 45 + 334252515?
334253004
In base 6, what is 4504043 + 32103?
4540150
In base 6, what is -40521413234 - -5?
-40521413225
In base 4, what is -3103131 - 22101133?
-31210330
In base 15, what is 470915 + 5?
47091a
In base 2, what is 100010110000 - -1000101100111?
1101000010111
In base 6, what is 11235 - -1410?
13045
In base 16, what is 1 - -1b890a?
1b890b
In base 15, what is -30a8 + -d5?
-318d
In base 3, what is -101001202212 + 121?
-101001202021
In base 6, what is 2504013 - 34?
2503535
In base 9, what is -4588204 + -12?
-4588216
In base 2, what is 1111110000100111100110110111 - 11?
1111110000100111100110110100
In base 12, what is -1139 - 48b44?
-4a081
In base 6, what is -13244031 + 1204?
-13242423
In base 11, what is -348948 + -56?
-3489a3
In base 7, what is -5 - 263015466?
-263015504
In base 3, what is -12 + 2212102101?
2212102012
In base 15, what is -465ebb8 + -2?
-465ebba
In base 9, what is 53 + 1805100?
1805153
In base 13, what is 62a460 + -3?
62a45a
In base 5, what is 144130 + 232?
144412
In base 5, what is -21 - -141343024?
141343003
In base 16, what is -100a20 - 4d?
-100a6d
In base 7, what is 1155342325 - -4?
1155342332
In base 4, what is -1030113303112 - 10?
-1030113303122
In base 9, what is 283 + -230648?
-230355
In base 7, what is -122 - 11412064?
-11412216
In base 8, what is -624 + -133157?
-134003
In base 14, what is a2 - -562076?
562138
In base 13, what is 5b913 + -105?
5b80b
In base 7, what is -10 - -162420411?
162420401
In base 4, what is 221 - 103310023231?
-103310023010
In base 13, what is 16771bb3c - -5?
16771bb44
In base 16, what is 21 + -198779?
-198758
In base 10, what is 5 - 10423703?
-10423698
In base 7, what is -5 + -1145322350?
-1145322355
In base 7, what is -364 - -16325?
15631
In base 11, what is -449980020 - -5?
-449980016
In base 2, what is 11100111111011 + 11101101010?
100000101100101
In base 5, what is 424423322 + -211?
424423111
In base 10, what is 12209 - 1072?
11137
In base 2, what is -101111010111 + 1010110